 is the highest common divisor of q and 32?
8
Suppose 0 = -17*x - 17*x + 2176. Calculate the highest common divisor of 320 and x.
64
Let t(j) = -2*j + 24. Let u be t(10). Let d be (-56)/(u/8*-2). What is the highest common factor of 140 and d?
28
Let f(s) = s**2 + 9*s + 7. Let p be f(-9). What is the highest common factor of p and 2?
1
Suppose 0 = -6*v + 2*v + 3*w + 264, 59 = v + w. Suppose 5*o - v = -4*x - 7, 14 = x + 5*o. What is the highest common factor of x and 2?
2
Let o be -4*8/((-40)/15). Calculate the highest common divisor of 3 and o.
3
Suppose -g + 2*n = -177, g + 4*g = 2*n + 917. What is the greatest common factor of g and 111?
37
Suppose 2*x = 4*x + 5*o + 30, -17 = 5*x - 2*o. Let z(a) = 9*a**2 - 4*a - 5. Let v be z(x). What is the highest common factor of 30 and v?
30
Let c = -11 + 13. Suppose 0 = -3*l + 5*j + 11, 4*j + 8 = 3*l - c. Let s be 16/l + -1*2. Calculate the greatest common factor of 2 and s.
2
Suppose 0 = 28*t - 30*t + 28. Let l(n) = n**3 - 7*n**2 - 10*n - 2. Let x be l(9). What is the greatest common divisor of x and t?
14
Suppose 0 = -4*z - 5*i + 10, -3*z = 2*i + 2*i - 8. Let s be (-2 + 0 - z) + 6. Let w = -275 + 279. Calculate the greatest common divisor of s and w.
4
Suppose 0 = 2*m + 2*b - 4*b - 92, 0 = 4*m + 2*b - 208. Let z = 137 - m. Calculate the greatest common divisor of 58 and z.
29
Let i(v) = -8*v. Let l be i(-2). Let m be (16/4 + -6)/(2/(-40)). What is the greatest common divisor of l and m?
8
Let z = 101 + 184. What is the greatest common divisor of z and 30?
15
Let u = 113 - 179. Let v = -37 - u. Calculate the highest common factor of v and 261.
29
Suppose d = -3*t + 80, -4*t = 5*d - 19 - 359. Calculate the greatest common factor of d and 185.
37
Let k = 556 + -284. Calculate the highest common divisor of k and 17.
17
Suppose 2*l + 7*k = 3*k + 272, 5*l = 4*k + 666. What is the highest common divisor of 201 and l?
67
Let g(k) = 7*k + 114. Let h be g(-11). Calculate the greatest common divisor of 148 and h.
37
Suppose 18 + 2 = 5*d. Suppose 2*m - 6*m + 2*y + 690 = 0, -d*y = -3*m + 530. Let v = 1193 + -1125. What is the highest common factor of m and v?
34
Let j(l) = -11*l + 62. Let m be j(-5). What is the greatest common factor of 13 and m?
13
Let q be (-19)/3 - (-7)/21. Let v = q + 6. Suppose v = -3*t - 3*a + 489, -a + 0*a - 173 = -t. What is the highest common divisor of 21 and t?
21
Suppose -145 = -3*w + 2*n, 5*w = -17*n + 20*n + 240. What is the greatest common divisor of 18 and w?
9
Let m(f) = 2*f + 22. Let c be m(-9). Suppose -5*l - r + c = -31, -14 = -2*l + 4*r. Calculate the greatest common divisor of 21 and l.
7
Let f = 111 - 54. Suppose -5*o - 3*k + 175 = 0, 0*o + o - 58 = 4*k. Calculate the highest common factor of o and f.
19
Let t be (-4 - (-66)/15)/(1/20). Let h = -10 - -14. What is the greatest common divisor of t and h?
4
Let w(i) = 29*i + 5. Let l be w(-4). Let b = l - -175. Let k(y) = y**2 - 19*y + 42. Let p be k(17). What is the highest common divisor of p and b?
8
Suppose 2*u = -5*k + 127, 259 - 26 = 4*u + 3*k. What is the greatest common factor of 40 and u?
8
Let q = 1235 - 1233. Let f = -6 - -8. Calculate the highest common divisor of q and f.
2
Let h(k) = 3*k**2 + 137*k - 176. Let o be h(-47). Let d(b) = 5*b + 6. Let u be d(6). What is the greatest common factor of o and u?
12
Let n(y) = 34 + 2*y**2 + 4*y + 3*y**2 - 2*y - 4*y**2. Let r be n(0). What is the highest common factor of 51 and r?
17
Suppose -2*s + 54 = 2*j, -j = 2*s - 163 + 106. Let k(z) = -21*z - 3. Let q be k(-3). What is the highest common divisor of q and s?
30
Let j = 1 + -2. Let l(p) = -2*p. Let g be l(j). Suppose -g*k = -4*s + 218, 0*k = 2*k + 2. What is the greatest common divisor of 27 and s?
27
Suppose -z = -5*p - 41, -z - z + 3*p + 96 = 0. Calculate the greatest common divisor of 51 and z.
51
Let l be (-50)/(-4)*20/5. What is the greatest common factor of 160 and l?
10
Let m(l) = l**2 - 2*l + 3. Let o be m(2). Let r be (2/o)/((-4)/(-144)). Suppose -a + 4*v = -208, 4*v = 5 + 3. Calculate the greatest common divisor of r and a.
24
Let s(c) = c**3 + 8*c**2 + c + 7. Let x be s(-8). Let u be 2 - ((-1)/(-1))/(-1)*x. Calculate the highest common factor of u and 9.
1
Let q(s) = -10*s**3 + 4*s**2 + 5*s - 2. Let p be q(-2). Calculate the highest common factor of p and 210.
42
Suppose 2*g = -3*g. Suppose g = -0*i - i. Suppose 9*m - 4*m + 4*n - 18 = i, -12 = 4*n. Calculate the greatest common divisor of m and 42.
6
Let t be 27 - (-12 + -6 + 12). Let q = -3 - -6. Calculate the greatest common divisor of t and q.
3
Suppose 2*v = -2*v + 192. Let m(a) = 2*a + 15. Let s be m(11). Suppose 4*p = -4*r + r + v, -2*r = 3*p - s. Calculate the greatest common factor of p and 10.
5
Suppose 22*r = 830 - 126. Calculate the highest common divisor of 24 and r.
8
Let h(w) = -101*w - 59. Let k be h(-2). Let r be (-42)/(-4) - 8/(-16). What is the greatest common factor of r and k?
11
Let l be (-73 + 35)*(-4)/(-16)*-2. Suppose 0 = -4*w + 5*p + 841, -286 = -w - 2*p - 79. What is the highest common divisor of w and l?
19
Suppose 0 = 2*i + 5*o - 0*o - 7, 30 = 3*i + o. Suppose -2*g = 5*u - 16 - i, -u = 5*g - 10. Suppose -x = g - 2. What is the highest common divisor of x and 11?
1
Suppose 8 + 3 = d. Suppose 2*r + 22 = 22. Suppose -p - n + 83 = r, -279 = -3*p + n + 2*n. What is the greatest common factor of p and d?
11
Let w = -928 + 1857. Suppose -w = -3*m - 236. Calculate the greatest common divisor of 21 and m.
21
Let l = -30 + 98. Let s be (-1)/(-4)*160/10. Calculate the highest common divisor of s and l.
4
Let u(m) = m**3 + 13*m**2 + 13*m + 14. Let r be u(-12). Suppose 6 = -r*c + 12. Suppose 7 = -c*s + 4*s. Calculate the highest common factor of 1 and s.
1
Suppose 188 = 3*h + z, h - 4*z = -16 + 70. Let c = h + -45. Calculate the highest common factor of c and 17.
17
Let m(b) = -b**3 + 9*b**2 - 9*b - 20. Let s be m(6). Calculate the greatest common divisor of 102 and s.
34
Suppose -5*z + 60 = -3*k, -28*z + 23*z + 80 = k. Calculate the highest common factor of 255 and z.
15
Let b(r) = 2*r**2 - 10*r - 6. Let f be b(8). Suppose -144 - 66 = -5*j. What is the highest common divisor of j and f?
42
Suppose 2*h = 2*z - 182, 4*z + 2*h - 409 = -63. What is the greatest common factor of 198 and z?
22
Let g = 1 - 1. Suppose -2*r + 5*r + 18 = 3*c, g = -2*c + 4. Let u be ((-16)/24)/(r/42). Calculate the greatest common factor of u and 77.
7
Suppose 336*j - 5537 = 329*j. Calculate the highest common divisor of j and 14.
7
Suppose 6*f - f = -4*y - 190, 0 = 3*f + 6. Let d be 6*5/(y/(-3)). Calculate the highest common divisor of 2 and d.
2
Let k(i) = 5*i**2 + i. Let h be k(3). Let v = h - -1. What is the highest common factor of v and 392?
49
Let a = 130 - 129. Let q(c) = c + 1. Let s be q(6). What is the greatest common factor of a and s?
1
Let q(f) = -f + 1. Let l(h) = -9*h**2 + 10*h + 8. Let k(g) = -l(g) + q(g). Let t be k(-5). Calculate the greatest common factor of t and 39.
39
Suppose -4*q - 2*q = 3*c - 615, -2*c + 110 = q. What is the greatest common factor of q and 20?
20
Let f be 9/(-6)*12/9. Let r be (2/10)/(f/(-10)). What is the greatest common divisor of r and 2?
1
Suppose 3*x + 2*y + 94 = 0, 0 = 2*x + 4*y + 60. Let l be (x/40)/(2/(-540)). What is the highest common divisor of l and 27?
27
Suppose -4*r = 3*i - 24, 2*i = r - 4*r + 17. What is the highest common divisor of r and 27?
3
Let h(s) be the second derivative of s**4/12 - s**3/6 + 2*s**2 + 8*s. Let x be h(0). Suppose 0 = -x*k + k + 48. What is the highest common factor of 144 and k?
16
Let n = 2072 + -2069. What is the highest common divisor of n and 8?
1
Suppose -1682 = -17*o + 1684. What is the highest common factor of o and 187?
11
Let p be (-2)/(-6) + (-1054)/(-6). Calculate the highest common factor of 32 and p.
16
Let m be 2/7 - (40/(-35))/(-4). Let t = -8 + 11. Suppose m = q + f - 15, -t*q + 44 = -0*f + 2*f. Calculate the greatest common factor of q and 7.
7
Suppose -4*w + 9*w + 50 = 0. Let o = w + 24. What is the highest common divisor of o and 56?
14
Suppose 4*s = 12, -72 - 109 = 2*r - 5*s. Let g = r - -143. Calculate the greatest common factor of g and 40.
20
Suppose k + 4*l + 44 = 37, -3*l = 9. Suppose -2*h + 29 = -0*p + 5*p, 15 = 5*p - 5*h. Calculate the greatest common divisor 